{"id":179,"date":"2017-06-13T16:29:44","date_gmt":"2017-06-13T13:29:44","guid":{"rendered":"http:\/\/niemelankyla.net\/?page_id=179"},"modified":"2026-05-07T08:07:40","modified_gmt":"2026-05-07T05:07:40","slug":"kylayhdistys-vuokraa","status":"publish","type":"page","link":"https:\/\/niemelankyla.net\/index.php\/kylayhdistys\/kylayhdistys-vuokraa\/","title":{"rendered":"Kyl\u00e4yhdistys vuokraa"},"content":{"rendered":"\n<h2 class=\"wp-block-heading\">PAINEHUUHTELULAITE<\/h2>\n\n\n\n<p>K\u00e4rcher Puzzi mattojen ja kalusteiden pesuun. My\u00f6s esim. autonpenkkien puhdistus k\u00e4y helposti t\u00e4ll\u00e4 laitteella. <\/p>\n\n\n\n<p>Mikrokuituiset sohville tai nojatuoleille pesuri ei kuitenkaan oikein sovi. <\/p>\n\n\n\n<p>Vuokra on 25 euroa\/vrk sis\u00e4lt\u00e4en pesuaineen. Laitetta vuokrataan vain niemel\u00e4nkyl\u00e4l\u00e4isille .<\/p>\n\n\n\n<p><span style=\"color: #993366;\"><strong> PALAUTA PESURI PUHTAANA, KIITOS !<\/strong><\/span><\/p>\n\n\n\n<p>Vuokrausta hoitaa Jenna Keskisipil\u00e4. puh. 044 2628345,<br><strong>Kyl\u00e4yhdistyksen tilinumero : FI5947543020019307<\/strong><\/p>\n\n\n\n<h2 class=\"wp-block-heading\">ASTIASTOT\u00a0 <span style=\"color: #ff0000;\"> <\/span><\/h2>\n\n\n\n<h2 class=\"wp-block-heading has-theme-palette-13-color has-text-color has-link-color wp-elements-afd5ad86ee7df94b67c064c432a7dc35\">Astioiden vuokraus loppuu kes\u00e4kuussa!<\/h2>\n\n\n\n<div style=\"height:100px\" aria-hidden=\"true\" class=\"wp-block-spacer\"><\/div>\n\n\n\n<p class=\"has-text-align-left\"><span style=\"color: #3366ff;\"><strong>Kahviastiasto \u00a0\u00a0\u00a0\u00a0\u00a0\u00a0\u00a0\u00a0\u00a0\u00a0\u00a0\u00a0\u00a0\u00a0\u00a0 20 e\/viikonloppu (pe \u2013 su)<\/strong><\/span><br>sis. kahvikupin ja lautasen, lusikat, asetit, kermakko, sokerikko (50 hengelle)<\/p>\n\n\n\n<p class=\"has-text-align-left\"><strong><span style=\"color: #3366ff;\">Kahvinkeitin ja termospullot&nbsp;&nbsp; 10 e\/viikonloppu (pe \u2013 su)<\/span><br><\/strong><\/p>\n\n\n\n<p class=\"has-text-align-left\"><span style=\"color: #3366ff;\"><strong>Ruoka-astiasto \u00a0\u00a0\u00a0\u00a0\u00a0\u00a0\u00a0\u00a0\u00a0\u00a0\u00a0\u00a0 30 e\/viikonloppu (pe \u2013 su)<\/strong><\/span><br>sis. matalat ja syv\u00e4t ruokalautaset, voileip\u00e4lautaset, ruokailuv\u00e4lineet,<br>juomalasit, j\u00e4lkiruoka-astiat (50 hengelle)<br>saatavana my\u00f6s tarjoiluastioita, salaattikulhoja, kannuja<\/p>\n\n\n\n<p class=\"has-text-align-left\"><br><strong>Huom!<\/strong> <strong>5 euron lis\u00e4hinta<\/strong>, jos ottaa molemmat ruokalautaset<\/p>\n\n\n\n<p class=\"has-text-align-left\"><strong>Shampanjalasit &nbsp;50 kpl&nbsp;&nbsp;&nbsp;&nbsp;&nbsp;&nbsp;&nbsp;&nbsp;&nbsp;&nbsp;&nbsp;&nbsp;&nbsp;&nbsp;&nbsp;&nbsp;&nbsp;&nbsp;&nbsp;&nbsp; 10 e\/viikonloppu (pe \u2013 su)<\/strong><\/p>\n\n\n\n<p class=\"has-text-align-left\"><strong>Arkip\u00e4ivin\u00e4 (ma \u2013 to) vuokra on 10 e\/p\u00e4iv\u00e4\/astiasto<\/strong><\/p>\n\n\n\n<p class=\"has-text-align-left\"><strong>Vuokraus ja lis\u00e4tietoja: Rauha M\u00e4ki 040 5878231<\/strong><\/p>\n\n\n\n<h2 class=\"wp-block-heading\">&nbsp;<\/h2>\n","protected":false},"excerpt":{"rendered":"<p>PAINEHUUHTELULAITE K\u00e4rcher Puzzi mattojen ja kalusteiden pesuun. My\u00f6s esim. autonpenkkien puhdistus k\u00e4y helposti t\u00e4ll\u00e4 laitteella. Mikrokuituiset sohville tai nojatuoleille pesuri ei kuitenkaan oikein sovi. Vuokra on 25 euroa\/vrk sis\u00e4lt\u00e4en pesuaineen. Laitetta vuokrataan vain niemel\u00e4nkyl\u00e4l\u00e4isille . PALAUTA PESURI PUHTAANA, KIITOS ! Vuokrausta hoitaa Jenna Keskisipil\u00e4. puh. 044 2628345,Kyl\u00e4yhdistyksen tilinumero : FI5947543020019307 ASTIASTOT\u00a0 Astioiden vuokraus loppuu kes\u00e4kuussa!&#8230;<\/p>\n","protected":false},"author":1,"featured_media":0,"parent":170,"menu_order":0,"comment_status":"closed","ping_status":"closed","template":"","meta":{"_kad_post_transparent":"","_kad_post_title":"","_kad_post_layout":"","_kad_post_sidebar_id":"","_kad_post_content_style":"","_kad_post_vertical_padding":"","_kad_post_feature":"","_kad_post_feature_position":"","_kad_post_header":false,"_kad_post_footer":false,"_kad_post_classname":"","two_page_speed":[],"footnotes":""},"class_list":["post-179","page","type-page","status-publish","hentry"],"_links":{"self":[{"href":"https:\/\/niemelankyla.net\/index.php\/wp-json\/wp\/v2\/pages\/179","targetHints":{"allow":["GET"]}}],"collection":[{"href":"https:\/\/niemelankyla.net\/index.php\/wp-json\/wp\/v2\/pages"}],"about":[{"href":"https:\/\/niemelankyla.net\/index.php\/wp-json\/wp\/v2\/types\/page"}],"author":[{"embeddable":true,"href":"https:\/\/niemelankyla.net\/index.php\/wp-json\/wp\/v2\/users\/1"}],"replies":[{"embeddable":true,"href":"https:\/\/niemelankyla.net\/index.php\/wp-json\/wp\/v2\/comments?post=179"}],"version-history":[{"count":23,"href":"https:\/\/niemelankyla.net\/index.php\/wp-json\/wp\/v2\/pages\/179\/revisions"}],"predecessor-version":[{"id":1051,"href":"https:\/\/niemelankyla.net\/index.php\/wp-json\/wp\/v2\/pages\/179\/revisions\/1051"}],"up":[{"embeddable":true,"href":"https:\/\/niemelankyla.net\/index.php\/wp-json\/wp\/v2\/pages\/170"}],"wp:attachment":[{"href":"https:\/\/niemelankyla.net\/index.php\/wp-json\/wp\/v2\/media?parent=179"}],"curies":[{"name":"wp","href":"https:\/\/api.w.org\/{rel}","templated":true}]}}